(m) = -m**2 + 3. What is j(n)?
3
Let x(w) be the third derivative of -1/2*w**3 - 1/12*w**4 + 0*w + 1/120*w**6 + 0 - 5*w**2 - 1/60*w**5. Calculate x(-2).
-11
Let x(r) = r + 4. Let y be 0/2 + (-1 - -1). Let c be x(y). Let o(v) = 1 + 2*v - c*v - 2*v. Determine o(2).
-7
Let w be 1*4 - 6/(-3). Let p(n) = n**3 + n**2 - n - 1. Let s(v) = -5*v**3 - 9*v**2 + 3*v + 4. Let o(m) = w*p(m) + s(m). What is o(4)?
2
Suppose 8 = -k - d + 3*d, 2*d - 20 = 3*k. Let m be 1 - (-4 + k/(-3)). Let r(f) = 6 - 2*f - 6 + 0*f - f**3 + m*f**2. Give r(3).
-6
Let v(i) = 4*i. Let o be v(1). Let j(r) = -r**2 + 2*r + 5. Let g be j(3). Let m(t) = 6*t - 8*t + 3*t**2 - g - 2*t**2 + 5. Calculate m(o).
11
Let u be 4/(-10) + 12/5. Let h(y) be the third derivative of y**6/120 - y**5/30 + y**4/12 + y**3/6 - 21*y**2. Determine h(u).
5
Let m = -1 + -1. Let q(n) = -4*n + 2. What is q(m)?
10
Let u(t) = -t. Let l(h) = -8*h - 1. Let d(w) = -l(w) + 2*u(w). What is d(-1)?
-5
Let z(j) = j**2 + j - 7. Suppose 7*l = -0*l. What is z(l)?
-7
Let f(p) = -11*p - 5. Let b(z) = -5*z - 2. Let i = 2 - -5. Let w(m) = i*b(m) - 3*f(m). Calculate w(2).
-3
Let q(l) = l + 1. Let d(h) = 3*h - 2. Let m(p) = d(p) - 4*q(p). Calculate m(6).
-12
Let q(c) = -c**2 - c. Let a be -2*(4 - 18/4). Give q(a).
-2
Let x(a) be the second derivative of -a**4/2 + a**3/3 - a**2/2 + a + 48. Calculate x(1).
-5
Let c(g) = g + 1 + 9 + 1. Give c(-5).
6
Let v(m) = m + 2. Let c be v(-4). Let p = -1 - c. Let d(q) be the first derivative of -q**3 - q - 12. Give d(p).
-4
Let v(i) = -i**2 - 5*i + 6. Let d = 36 - 42. Give v(d).
0
Let l(w) = 3*w - 18. Let i be (4/5)/((-1)/5). Let t(z) = 2*z - 17. Let q(x) = i*t(x) + 3*l(x). What is q(-6)?
8
Let w(s) = -s - 1. Let b be 36/(-18) - (-14)/2. Determine w(b).
-6
Let h(l) be the first derivative of l**3 + l**2 - l - 7. What is h(-2)?
7
Suppose 5*n + 2*i = -15, n + 3*i = 3*n + 6. Let x(r) = -2*r**2 + 2 - 3*r + r - r**3 + 7*r. Give x(n).
-4
Let h(z) be the third derivative of z**4/24 + 7*z**3/6 + z**2. What is h(-7)?
0
Let u(c) = 4*c - 3. Let o(y) = -y**3 - 5*y**2 - y - 2. Let g be o(-5). Determine u(g).
9
Let j(r) = -2*r**3 + 4*r**2 - 2*r - 1. Let b be (-6 - -2) + 8 - 1. Suppose -x + 5*h = b*h + 2, 2*x = -2*h + 8. Give j(x).
-5
Let k(p) = -2*p**2 + 13*p - 1. Let w(y) = 3*y**2 - 19*y + 1. Let l(f) = 7*k(f) + 5*w(f). Calculate l(4).
-2
Suppose -2*x = -5*r + 8 - 27, -2*x = 3*r + 5. Let z = r - -6. Let t(u) be the first derivative of -u**2/2 + 5*u + 5. What is t(z)?
2
Let r be (12/24)/(2/20). Let f(j) = -8*j - 4. Let m(v) = -v - 1. Let z(n) = 2*f(n) - 14*m(n). Give z(r).
-4
Suppose 4*x + 17 = d, 0 = -d - 3*x - 5 - 6. Suppose -t = -0 - d. Let l(r) = t + 1 - 2 - 3 + r. Calculate l(5).
2
Let m(r) = 3*r - 5*r + 3*r**2 - 5*r**2 + r**3 - r**2. Let g be m(3). Let u(d) = d**2 + 11*d + 3. Let z(q) = q + 1. Let l(v) = u(v) - 4*z(v). Give l(g).
-7
Let w(p) = p - 8. Let c be w(3). Let o be (42/(-35))/((-1)/c). Let m(q) = -q**2 - 8*q - 4. What is m(o)?
8
Let q(u) = -u**2 - 5*u - 2. Suppose -2*d + 3 + 1 = 0. Let p(a) = -a**3 + a + 2. Let y be p(d). Determine q(y).
2
Let x(n) be the first derivative of -n**4/4 - n**2 + 20. What is x(-2)?
12
Let k be (-6)/(-15) + (-110)/(-100). Let d(l) be the second derivative of -k*l**2 - 1/3*l**3 + 0 - 3*l. Calculate d(-2).
1
Let l(a) = 2*a + 3. Let p be (5 - -1)*4/24. Let b be 1/1 - p*3. Determine l(b).
-1
Let r(v) = v + 4. Let z be r(-2). Let n be z/9 - 25/(-9). Let o(c) = -2*c**2 + 3*c. Give o(n).
-9
Let c(o) = -5*o + 27. Let v(g) = 2*g - 9. Let l(p) = -4*c(p) - 11*v(p). Give l(8).
-25
Let x(w) = -2*w**2 + 10*w + 1. Let r(n) = n**2 - 5*n - 1. Let c(o) = -5*r(o) - 3*x(o). Give c(5).
2
Let d(q) = 1 + 2*q**2 + 3*q**2 + 2*q**2 - 5*q**2. What is d(1)?
3
Let u(g) = 7*g**2 + g - 1. Suppose -4*m = m - 125. Suppose -4*c = -5*v - m, -3*c + 28 - 3 = -5*v. Suppose -2*a = -c - 2. Give u(a).
7
Let u(v) = 3*v + 1. Let i(a) = -a. Let z(d) = -11*i(d) - 4*u(d). What is z(-4)?
0
Let b(l) = 7*l**3 - 2*l**2 + 1. Suppose 3*p + 0*p + 7 = 2*c, -3*p = c + 10. Let z be (-7)/(-1) - c/(-1). Suppose -q - 4*h + 7 = -h, 4*q + h = z. Determine b(q).
6
Let n(j) be the third derivative of 0 + 1/3*j**3 + 0*j + 2*j**2 - 1/24*j**4 - 1/60*j**5. Give n(0).
2
Suppose -4*k + 4 + 3 = -3*b, 3*b = k + 5. Let d(z) be the third derivative of z**6/120 - z**5/20 - z**4/8 + z**3/2 - z**2. What is d(k)?
7
Let x(o) be the first derivative of -o**5/30 + o**4/12 + o**3/6 + o**2/2 - 3. Let u(c) be the second derivative of x(c). Calculate u(2).
-3
Let a(w) = 6*w**3 - 2*w**2. Let t(i) = -7*i**3 + 3*i**2. Let z(c) = -6*a(c) - 5*t(c). Give z(-2).
-4
Let y(n) = 2 - 6 + 1 - n. Let i be (-38)/(-57)*(-6 - 0). Determine y(i).
1
Let c(s) = -2*s + 3. Let i(z) = z**3 - 7*z**2 + 5. Let r be i(7). Calculate c(r).
-7
Let k(p) = -p**3 + 6*p**2 - 6*p + 1. Let l be k(5). Let s = l + 9. Let w(b) be the second derivative of -b**5/20 + b**4/3 + b**3 - 7*b**2/2 + b. Determine w(s).
-2
Let s(j) = j - 5. Let v(q) = -q - 1. Suppose -3*d - u = -3*u + 12, -15 = 3*d - 3*u. Let i be d/(-4) + (-22)/4. Let n be v(i). What is s(n)?
-1
Let k(h) = -h**3 - h**2 + h - 3. Let j(r) = -2*r**3 - 3*r**2 + 2*r - 7. Let d(c) = 2*j(c) - 5*k(c). Give d(0).
1
Let n(t) = t - 4. Let p(z) = -z + 2. Let a(b) = -3*n(b) - 7*p(b). What is a(2)?
6
Let a be 0 - 2 - (0 - 7). Suppose w - a*p = 1, -w = -6*w + 2*p - 18. Let n(r) = 1 + r**2 + 4*r + 0 - 5. Give n(w).
-4
Let q(j) = 6*j**2 + 8*j - 5. Let h(i) = -i**2 - i + 1. Let l(s) = 4*h(s) + q(s). What is l(-3)?
5
Let w(s) = s**3 + 3*s**2 - 8*s - 3. Let v(l) = -2*l**3 - 5*l**2 + 15*l + 5. Let x(h) = -6*v(h) - 11*w(h). Calculate x(3).
-3
Let r(h) = h + 6. Let g = -4 - -2. Let q be -5 - 2/(g*1). Determine r(q).
2
Let u = 104 + -109. Let m(q) = -3*q - 7. Let y(f) = -4*f - 8. Let h be (-2)/4 - 21/(-6). Let n(i) = h*m(i) - 2*y(i). What is n(u)?
0
Let a(g) = g**3 + 5*g**2 + 4*g - 4. Let y be a(-4). Let o(v) be the first derivative of -5 + 7/2*v**2 + 2/3*v**3 + 6*v. Calculate o(y).
10
Let v be 4*1*(7 - 6). Suppose -2*x - 10 = 5*r, -5*x = v*r + 2 + 6. Let m(d) = -d + 5. Calculate m(x).
5
Let y = 42 + -45. Let v(n) = n**2 + 2*n - 3. What is v(y)?
0
Let w(v) = 4*v**2 - 21*v + 12. Let m(l) = l**2 - 5*l + 3. Let r(g) = -9*m(g) + 2*w(g). Suppose j - 2 = -4, -2*j - 1 = d. Give r(d).
-3
Let l = -1 + 3. Suppose 2 = 3*v + l*s - 8, 5*v - 2*s = 6. Let u be v/((-1)/(-2)*1). Let a(m) = -m + 1. Determine a(u).
-3
Let n(h) = h**3 - 6*h**2 - 5*h - 4. Suppose 13 = 4*x - 15. Calculate n(x).
10
Let s be (-9)/((75/10)/5). Let w(y) = -2*y - 5. What is w(s)?
7
Suppose 2 = -j, -5*j = -4*u + 21 + 5. Let v(f) = 4 - 9*f + f**2 - 1 + u. Give v(5).
-13
Let y(m) = -8*m + 18. Let u be y(3). Let w(o) = -2*o - 9. Calculate w(u).
3
Let y(p) = -4*p**2 + 10*p - 5. Let b(l) = -l**2 + l + 1. Let d(q) = -3*b(q) + y(q). Suppose -13*i - 18 = -16*i. What is d(i)?
-2
Let a be -1 + (-4)/8*-10. Let c(s) be the third derivative of -s**6/120 + s**5/12 - s**4/8 - s**3/3 - s**2. Calculate c(a).
2
Suppose z = -2*u, -4*u = 4 - 0. Let d(g) = 27*g + 5*g**z - 34*g - 4 + g**3 + 4. What is d(-6)?
6
Let n(f) = 9*f - 1. Let p be 3 - (-2 + 2 - -2). What is n(p)?
8
Let a(z) = z**2 + 8*z - 28. Let n be a(-10). Let p(o) = -o - 7. What is p(n)?
1
Let z(v) = 5*v**2 + 7*v - 3. Let a(y) = -4*y**2 - 6*y + 2. Let l(b) = -6*a(b) - 5*z(b). Let q be (20/(-6))/(10/(-45)). Suppose t - 6*t - q = 0. Give l(t).
-9
Let o = 2 + -6. Let n be (-8)/16 - (-6)/o. Let b(r) = -4*r + 1. Determine b(n).
9
Let o(j) be the third derivative of 7*j**5/60 + j**4/24 + 30*j**2. Calculate o(1).
8
Let g = -2 + -2. Let r(c) = c**3 + 5*c**2 + 3*c - 1. What is r(g)?
3
Let d(o) be the first derivative of -5*o**2/2 - 5. Determine d(2).
-10
Let g(t) be the third derivative of t**5/60 - t**4/6 - t**3/3 - 6*t**2. What is g(5)?
3
Let o(x) be the third derivative of x**6/120 + x**5/15 - x**4/4 + x**3/6 - 2*x**2. Suppose w - 1 = 3. Suppose -25 = w*t + t. Give o(t).
6
Let b(f) be the first derivative of -f**4/4 - f**3 + f**2 - 5*f - 14. What is b(-4)?
3
Let u(g) be the second derivative of -g**5/20 + g**4/12 + g**3/6 + 31*g. Give u(2).
-2
Let b(i) be the third derivative of i**4/12 + i**3/6 - 10*i**2. Calculate b(2).
5
Let o(t) be the first derivative of t**2/2 + 3*t - 30. Let l = 0 + -4. Give o(l).
-1
Let v(h) = -h**3 + 2*h**2 - 2*h + 5. Let b(k) = k